{"id":7,"date":"2022-03-22T15:38:24","date_gmt":"2022-03-22T15:38:24","guid":{"rendered":"http:\/\/guzmanstorey.cl\/?page_id=7"},"modified":"2025-09-08T06:40:34","modified_gmt":"2025-09-08T06:40:34","slug":"portafolio","status":"publish","type":"page","link":"https:\/\/guzmanstorey.cl\/","title":{"rendered":"Documental"},"content":{"rendered":"\t\t<div data-elementor-type=\"wp-page\" data-elementor-id=\"7\" class=\"elementor elementor-7\">\n\t\t\t\t\t\t<section class=\"elementor-section elementor-top-section elementor-element elementor-element-cccdda5 elementor-section-boxed elementor-section-height-default elementor-section-height-default\" data-id=\"cccdda5\" data-element_type=\"section\">\n\t\t\t\t\t\t<div class=\"elementor-container elementor-column-gap-default\">\n\t\t\t\t\t<div class=\"elementor-column elementor-col-100 elementor-top-column elementor-element elementor-element-8d91d37\" data-id=\"8d91d37\" data-element_type=\"column\">\n\t\t\t<div class=\"elementor-widget-wrap elementor-element-populated\">\n\t\t\t\t\t\t<div class=\"elementor-element elementor-element-5f26d23 animated-slow elementor-grid-mobile-2 elementor-grid-3 elementor-grid-tablet-2 elementor-invisible elementor-widget elementor-widget-portfolio\" data-id=\"5f26d23\" data-element_type=\"widget\" data-settings=\"{&quot;_animation&quot;:&quot;fadeIn&quot;,&quot;item_ratio&quot;:{&quot;unit&quot;:&quot;px&quot;,&quot;size&quot;:0.57,&quot;sizes&quot;:[]},&quot;columns_mobile&quot;:&quot;2&quot;,&quot;columns&quot;:&quot;3&quot;,&quot;columns_tablet&quot;:&quot;2&quot;,&quot;item_gap&quot;:{&quot;unit&quot;:&quot;px&quot;,&quot;size&quot;:&quot;&quot;,&quot;sizes&quot;:[]},&quot;row_gap&quot;:{&quot;unit&quot;:&quot;px&quot;,&quot;size&quot;:&quot;&quot;,&quot;sizes&quot;:[]}}\" data-widget_type=\"portfolio.default\">\n\t\t\t\t<div class=\"elementor-widget-container\">\n\t\t\t\t\t\t\t<div class=\"elementor-portfolio elementor-grid elementor-posts-container\">\n\t\t\t\t<article class=\"elementor-portfolio-item elementor-post  post-1372 page type-page status-publish has-post-thumbnail hentry\">\n\t\t\t<a class=\"elementor-post__thumbnail__link\" href=\"https:\/\/guzmanstorey.cl\/?page_id=1372\">\n\t\t\t\t<div class=\"elementor-portfolio-item__img elementor-post__thumbnail\">\n\t\t\t<img fetchpriority=\"high\" decoding=\"async\" width=\"768\" height=\"432\" src=\"https:\/\/guzmanstorey.cl\/wp-content\/uploads\/2025\/09\/animacion-2-768x432.jpg\" class=\"attachment-medium_large size-medium_large wp-image-1723\" alt=\"\" srcset=\"https:\/\/guzmanstorey.cl\/wp-content\/uploads\/2025\/09\/animacion-2-768x432.jpg 768w, https:\/\/guzmanstorey.cl\/wp-content\/uploads\/2025\/09\/animacion-2-300x169.jpg 300w, https:\/\/guzmanstorey.cl\/wp-content\/uploads\/2025\/09\/animacion-2-1024x576.jpg 1024w, https:\/\/guzmanstorey.cl\/wp-content\/uploads\/2025\/09\/animacion-2-1536x864.jpg 1536w, https:\/\/guzmanstorey.cl\/wp-content\/uploads\/2025\/09\/animacion-2.jpg 1704w\" sizes=\"(max-width: 768px) 100vw, 768px\" \/>\t\t<\/div>\n\t\t\t\t<div class=\"elementor-portfolio-item__overlay\">\n\t\t\t\t<h3 class=\"elementor-portfolio-item__title\">\n\t\tFriends of Chile &#8211; Director, Guionista, Investigaci\u00f3n [En desarrollo]\t\t<\/h3>\n\t\t\t\t<\/div>\n\t\t\t\t<\/a>\n\t\t<\/article>\n\t\t\t\t<article class=\"elementor-portfolio-item elementor-post  post-1380 page type-page status-publish has-post-thumbnail hentry\">\n\t\t\t<a class=\"elementor-post__thumbnail__link\" href=\"https:\/\/guzmanstorey.cl\/?page_id=1380\">\n\t\t\t\t<div class=\"elementor-portfolio-item__img elementor-post__thumbnail\">\n\t\t\t<img decoding=\"async\" width=\"1\" height=\"1\" src=\"https:\/\/guzmanstorey.cl\/wp-content\/uploads\/2025\/09\/1.png\" class=\"attachment-medium_large size-medium_large wp-image-1646\" alt=\"\" \/>\t\t<\/div>\n\t\t\t\t<div class=\"elementor-portfolio-item__overlay\">\n\t\t\t\t<h3 class=\"elementor-portfolio-item__title\">\n\t\tMovimientos &#8211; Director, Guionista [En desarrollo]\t\t<\/h3>\n\t\t\t\t<\/div>\n\t\t\t\t<\/a>\n\t\t<\/article>\n\t\t\t\t<article class=\"elementor-portfolio-item elementor-post  post-483 page type-page status-publish has-post-thumbnail hentry\">\n\t\t\t<a class=\"elementor-post__thumbnail__link\" href=\"https:\/\/guzmanstorey.cl\/?page_id=483\">\n\t\t\t\t<div class=\"elementor-portfolio-item__img elementor-post__thumbnail\">\n\t\t\t<img decoding=\"async\" width=\"768\" height=\"432\" src=\"https:\/\/guzmanstorey.cl\/wp-content\/uploads\/2025\/09\/ESDLT-768x432.png\" class=\"attachment-medium_large size-medium_large wp-image-1665\" alt=\"\" srcset=\"https:\/\/guzmanstorey.cl\/wp-content\/uploads\/2025\/09\/ESDLT-768x432.png 768w, https:\/\/guzmanstorey.cl\/wp-content\/uploads\/2025\/09\/ESDLT-300x169.png 300w, https:\/\/guzmanstorey.cl\/wp-content\/uploads\/2025\/09\/ESDLT-1024x576.png 1024w, https:\/\/guzmanstorey.cl\/wp-content\/uploads\/2025\/09\/ESDLT-1536x864.png 1536w, https:\/\/guzmanstorey.cl\/wp-content\/uploads\/2025\/09\/ESDLT-2048x1152.png 2048w\" sizes=\"(max-width: 768px) 100vw, 768px\" \/>\t\t<\/div>\n\t\t\t\t<div class=\"elementor-portfolio-item__overlay\">\n\t\t\t\t<h3 class=\"elementor-portfolio-item__title\">\n\t\tEl Silencio de los Tel\u00e9fonos &#8211; Productor [En desarrollo]\t\t<\/h3>\n\t\t\t\t<\/div>\n\t\t\t\t<\/a>\n\t\t<\/article>\n\t\t\t\t<article class=\"elementor-portfolio-item elementor-post  post-1123 page type-page status-publish has-post-thumbnail hentry\">\n\t\t\t<a class=\"elementor-post__thumbnail__link\" href=\"https:\/\/guzmanstorey.cl\/?page_id=1123\">\n\t\t\t\t<div class=\"elementor-portfolio-item__img elementor-post__thumbnail\">\n\t\t\t<img loading=\"lazy\" decoding=\"async\" width=\"768\" height=\"429\" src=\"https:\/\/guzmanstorey.cl\/wp-content\/uploads\/2023\/08\/Screen-Shot-2023-08-31-at-14.34.34-768x429.png\" class=\"attachment-medium_large size-medium_large wp-image-1140\" alt=\"\" srcset=\"https:\/\/guzmanstorey.cl\/wp-content\/uploads\/2023\/08\/Screen-Shot-2023-08-31-at-14.34.34-768x429.png 768w, https:\/\/guzmanstorey.cl\/wp-content\/uploads\/2023\/08\/Screen-Shot-2023-08-31-at-14.34.34-300x168.png 300w, https:\/\/guzmanstorey.cl\/wp-content\/uploads\/2023\/08\/Screen-Shot-2023-08-31-at-14.34.34-1024x573.png 1024w, https:\/\/guzmanstorey.cl\/wp-content\/uploads\/2023\/08\/Screen-Shot-2023-08-31-at-14.34.34-1536x859.png 1536w, https:\/\/guzmanstorey.cl\/wp-content\/uploads\/2023\/08\/Screen-Shot-2023-08-31-at-14.34.34-2048x1145.png 2048w\" sizes=\"(max-width: 768px) 100vw, 768px\" \/>\t\t<\/div>\n\t\t\t\t<div class=\"elementor-portfolio-item__overlay\">\n\t\t\t\t<h3 class=\"elementor-portfolio-item__title\">\n\t\tBit\u00e1cora del Fin del Mundo &#8211; Director, Guionista [En desarrollo]\t\t<\/h3>\n\t\t\t\t<\/div>\n\t\t\t\t<\/a>\n\t\t<\/article>\n\t\t\t\t<article class=\"elementor-portfolio-item elementor-post  post-1474 page type-page status-publish has-post-thumbnail hentry\">\n\t\t\t<a class=\"elementor-post__thumbnail__link\" href=\"https:\/\/guzmanstorey.cl\/?page_id=1474\">\n\t\t\t\t<div class=\"elementor-portfolio-item__img elementor-post__thumbnail\">\n\t\t\t<img loading=\"lazy\" decoding=\"async\" width=\"768\" height=\"432\" src=\"https:\/\/guzmanstorey.cl\/wp-content\/uploads\/2025\/09\/Still-768x432.png\" class=\"attachment-medium_large size-medium_large wp-image-1743\" alt=\"\" srcset=\"https:\/\/guzmanstorey.cl\/wp-content\/uploads\/2025\/09\/Still-768x432.png 768w, https:\/\/guzmanstorey.cl\/wp-content\/uploads\/2025\/09\/Still-300x169.png 300w, https:\/\/guzmanstorey.cl\/wp-content\/uploads\/2025\/09\/Still-1024x576.png 1024w, https:\/\/guzmanstorey.cl\/wp-content\/uploads\/2025\/09\/Still-1536x864.png 1536w, https:\/\/guzmanstorey.cl\/wp-content\/uploads\/2025\/09\/Still.png 1920w\" sizes=\"(max-width: 768px) 100vw, 768px\" \/>\t\t<\/div>\n\t\t\t\t<div class=\"elementor-portfolio-item__overlay\">\n\t\t\t\t<h3 class=\"elementor-portfolio-item__title\">\n\t\tAgricultores del Asfalto &#8211; Guionista [En postproducci\u00f3n]\t\t<\/h3>\n\t\t\t\t<\/div>\n\t\t\t\t<\/a>\n\t\t<\/article>\n\t\t\t\t<article class=\"elementor-portfolio-item elementor-post  post-226 page type-page status-publish has-post-thumbnail hentry\">\n\t\t\t<a class=\"elementor-post__thumbnail__link\" href=\"https:\/\/guzmanstorey.cl\/?page_id=226\">\n\t\t\t\t<div class=\"elementor-portfolio-item__img elementor-post__thumbnail\">\n\t\t\t<img loading=\"lazy\" decoding=\"async\" width=\"768\" height=\"432\" src=\"https:\/\/guzmanstorey.cl\/wp-content\/uploads\/2025\/09\/4-1-768x432.png\" class=\"attachment-medium_large size-medium_large wp-image-1687\" alt=\"\" srcset=\"https:\/\/guzmanstorey.cl\/wp-content\/uploads\/2025\/09\/4-1-768x432.png 768w, https:\/\/guzmanstorey.cl\/wp-content\/uploads\/2025\/09\/4-1-300x169.png 300w, https:\/\/guzmanstorey.cl\/wp-content\/uploads\/2025\/09\/4-1-1024x576.png 1024w, https:\/\/guzmanstorey.cl\/wp-content\/uploads\/2025\/09\/4-1-1536x864.png 1536w, https:\/\/guzmanstorey.cl\/wp-content\/uploads\/2025\/09\/4-1-2048x1152.png 2048w\" sizes=\"(max-width: 768px) 100vw, 768px\" \/>\t\t<\/div>\n\t\t\t\t<div class=\"elementor-portfolio-item__overlay\">\n\t\t\t\t<h3 class=\"elementor-portfolio-item__title\">\n\t\tIncendio en Barrio Puerto &#8211; Codirector, Coguionista, Productor [En producci\u00f3n]\t\t<\/h3>\n\t\t\t\t<\/div>\n\t\t\t\t<\/a>\n\t\t<\/article>\n\t\t\t\t<article class=\"elementor-portfolio-item elementor-post  post-1292 page type-page status-publish has-post-thumbnail hentry\">\n\t\t\t<a class=\"elementor-post__thumbnail__link\" href=\"https:\/\/guzmanstorey.cl\/?page_id=1292\">\n\t\t\t\t<div class=\"elementor-portfolio-item__img elementor-post__thumbnail\">\n\t\t\t<img loading=\"lazy\" decoding=\"async\" width=\"768\" height=\"432\" src=\"https:\/\/guzmanstorey.cl\/wp-content\/uploads\/2023\/09\/Esceg_1.18.1-768x432.png\" class=\"attachment-medium_large size-medium_large wp-image-1307\" alt=\"\" srcset=\"https:\/\/guzmanstorey.cl\/wp-content\/uploads\/2023\/09\/Esceg_1.18.1-768x432.png 768w, https:\/\/guzmanstorey.cl\/wp-content\/uploads\/2023\/09\/Esceg_1.18.1-300x169.png 300w, https:\/\/guzmanstorey.cl\/wp-content\/uploads\/2023\/09\/Esceg_1.18.1-1024x576.png 1024w, https:\/\/guzmanstorey.cl\/wp-content\/uploads\/2023\/09\/Esceg_1.18.1-1536x864.png 1536w, https:\/\/guzmanstorey.cl\/wp-content\/uploads\/2023\/09\/Esceg_1.18.1.png 1920w\" sizes=\"(max-width: 768px) 100vw, 768px\" \/>\t\t<\/div>\n\t\t\t\t<div class=\"elementor-portfolio-item__overlay\">\n\t\t\t\t<h3 class=\"elementor-portfolio-item__title\">\n\t\tEn Septiembre Canta el Gallo &#8211; Edici\u00f3n Period\u00edstica [2023]\t\t<\/h3>\n\t\t\t\t<\/div>\n\t\t\t\t<\/a>\n\t\t<\/article>\n\t\t\t\t<article class=\"elementor-portfolio-item elementor-post  post-221 page type-page status-publish has-post-thumbnail hentry\">\n\t\t\t<a class=\"elementor-post__thumbnail__link\" href=\"https:\/\/guzmanstorey.cl\/?page_id=221\">\n\t\t\t\t<div class=\"elementor-portfolio-item__img elementor-post__thumbnail\">\n\t\t\t<img loading=\"lazy\" decoding=\"async\" width=\"768\" height=\"432\" src=\"https:\/\/guzmanstorey.cl\/wp-content\/uploads\/2023\/09\/building-768x432.jpg\" class=\"attachment-medium_large size-medium_large wp-image-1345\" alt=\"\" srcset=\"https:\/\/guzmanstorey.cl\/wp-content\/uploads\/2023\/09\/building-768x432.jpg 768w, https:\/\/guzmanstorey.cl\/wp-content\/uploads\/2023\/09\/building-300x169.jpg 300w, https:\/\/guzmanstorey.cl\/wp-content\/uploads\/2023\/09\/building-1024x576.jpg 1024w, https:\/\/guzmanstorey.cl\/wp-content\/uploads\/2023\/09\/building-1536x864.jpg 1536w, https:\/\/guzmanstorey.cl\/wp-content\/uploads\/2023\/09\/building-2048x1152.jpg 2048w\" sizes=\"(max-width: 768px) 100vw, 768px\" \/>\t\t<\/div>\n\t\t\t\t<div class=\"elementor-portfolio-item__overlay\">\n\t\t\t\t<h3 class=\"elementor-portfolio-item__title\">\n\t\tBuilding Visions &#8211; Asistente de Direcci\u00f3n [2022]\t\t<\/h3>\n\t\t\t\t<\/div>\n\t\t\t\t<\/a>\n\t\t<\/article>\n\t\t\t\t<article class=\"elementor-portfolio-item elementor-post  post-216 page type-page status-publish has-post-thumbnail hentry\">\n\t\t\t<a class=\"elementor-post__thumbnail__link\" href=\"https:\/\/guzmanstorey.cl\/?page_id=216\">\n\t\t\t\t<div class=\"elementor-portfolio-item__img elementor-post__thumbnail\">\n\t\t\t<img loading=\"lazy\" decoding=\"async\" width=\"768\" height=\"327\" src=\"https:\/\/guzmanstorey.cl\/wp-content\/uploads\/2022\/08\/TI-Vicuna-Group-of-Vicuna-\u00a9-Glaciar-Films-768x327.jpg\" class=\"attachment-medium_large size-medium_large wp-image-733\" alt=\"\" srcset=\"https:\/\/guzmanstorey.cl\/wp-content\/uploads\/2022\/08\/TI-Vicuna-Group-of-Vicuna-\u00a9-Glaciar-Films-768x327.jpg 768w, https:\/\/guzmanstorey.cl\/wp-content\/uploads\/2022\/08\/TI-Vicuna-Group-of-Vicuna-\u00a9-Glaciar-Films-300x128.jpg 300w, https:\/\/guzmanstorey.cl\/wp-content\/uploads\/2022\/08\/TI-Vicuna-Group-of-Vicuna-\u00a9-Glaciar-Films-1024x436.jpg 1024w, https:\/\/guzmanstorey.cl\/wp-content\/uploads\/2022\/08\/TI-Vicuna-Group-of-Vicuna-\u00a9-Glaciar-Films-1536x654.jpg 1536w, https:\/\/guzmanstorey.cl\/wp-content\/uploads\/2022\/08\/TI-Vicuna-Group-of-Vicuna-\u00a9-Glaciar-Films-2048x871.jpg 2048w\" sizes=\"(max-width: 768px) 100vw, 768px\" \/>\t\t<\/div>\n\t\t\t\t<div class=\"elementor-portfolio-item__overlay\">\n\t\t\t\t<h3 class=\"elementor-portfolio-item__title\">\n\t\tTr\u00e1fico Il\u00edcito &#8211; Codirecci\u00f3n, Guionista [2020]\t\t<\/h3>\n\t\t\t\t<\/div>\n\t\t\t\t<\/a>\n\t\t<\/article>\n\t\t\t\t<article class=\"elementor-portfolio-item elementor-post  post-208 page type-page status-publish has-post-thumbnail hentry\">\n\t\t\t<a class=\"elementor-post__thumbnail__link\" href=\"https:\/\/guzmanstorey.cl\/?page_id=208\">\n\t\t\t\t<div class=\"elementor-portfolio-item__img elementor-post__thumbnail\">\n\t\t\t<img loading=\"lazy\" decoding=\"async\" width=\"768\" height=\"432\" src=\"https:\/\/guzmanstorey.cl\/wp-content\/uploads\/2022\/08\/Chiloe-Centro-Ocio-01-1-768x432.jpg\" class=\"attachment-medium_large size-medium_large wp-image-794\" alt=\"\" srcset=\"https:\/\/guzmanstorey.cl\/wp-content\/uploads\/2022\/08\/Chiloe-Centro-Ocio-01-1-768x432.jpg 768w, https:\/\/guzmanstorey.cl\/wp-content\/uploads\/2022\/08\/Chiloe-Centro-Ocio-01-1-300x169.jpg 300w, https:\/\/guzmanstorey.cl\/wp-content\/uploads\/2022\/08\/Chiloe-Centro-Ocio-01-1-1024x576.jpg 1024w, https:\/\/guzmanstorey.cl\/wp-content\/uploads\/2022\/08\/Chiloe-Centro-Ocio-01-1-1536x864.jpg 1536w, https:\/\/guzmanstorey.cl\/wp-content\/uploads\/2022\/08\/Chiloe-Centro-Ocio-01-1.jpg 1920w\" sizes=\"(max-width: 768px) 100vw, 768px\" \/>\t\t<\/div>\n\t\t\t\t<div class=\"elementor-portfolio-item__overlay\">\n\t\t\t\t<h3 class=\"elementor-portfolio-item__title\">\n\t\tChilo\u00e9 &#8211; Director Period\u00edstico, Guionista [2019]\t\t<\/h3>\n\t\t\t\t<\/div>\n\t\t\t\t<\/a>\n\t\t<\/article>\n\t\t\t\t<article class=\"elementor-portfolio-item elementor-post  post-202 page type-page status-publish has-post-thumbnail hentry\">\n\t\t\t<a class=\"elementor-post__thumbnail__link\" href=\"https:\/\/guzmanstorey.cl\/?page_id=202\">\n\t\t\t\t<div class=\"elementor-portfolio-item__img elementor-post__thumbnail\">\n\t\t\t<img loading=\"lazy\" decoding=\"async\" width=\"700\" height=\"394\" src=\"https:\/\/guzmanstorey.cl\/wp-content\/uploads\/2022\/08\/demoliendo-el-muro-.jpeg\" class=\"attachment-medium_large size-medium_large wp-image-741\" alt=\"\" srcset=\"https:\/\/guzmanstorey.cl\/wp-content\/uploads\/2022\/08\/demoliendo-el-muro-.jpeg 700w, https:\/\/guzmanstorey.cl\/wp-content\/uploads\/2022\/08\/demoliendo-el-muro--300x169.jpeg 300w\" sizes=\"(max-width: 700px) 100vw, 700px\" \/>\t\t<\/div>\n\t\t\t\t<div class=\"elementor-portfolio-item__overlay\">\n\t\t\t\t<h3 class=\"elementor-portfolio-item__title\">\n\t\tDemoliendo El Muro &#8211; Edici\u00f3n Period\u00edstica, Guionista [2018]\t\t<\/h3>\n\t\t\t\t<\/div>\n\t\t\t\t<\/a>\n\t\t<\/article>\n\t\t\t\t<article class=\"elementor-portfolio-item elementor-post  post-197 page type-page status-publish has-post-thumbnail hentry\">\n\t\t\t<a class=\"elementor-post__thumbnail__link\" href=\"https:\/\/guzmanstorey.cl\/?page_id=197\">\n\t\t\t\t<div class=\"elementor-portfolio-item__img elementor-post__thumbnail\">\n\t\t\t<img loading=\"lazy\" decoding=\"async\" width=\"768\" height=\"463\" src=\"https:\/\/guzmanstorey.cl\/wp-content\/uploads\/2022\/03\/aniceto-2-e1647976649847-768x463.png\" class=\"attachment-medium_large size-medium_large wp-image-66\" alt=\"\" srcset=\"https:\/\/guzmanstorey.cl\/wp-content\/uploads\/2022\/03\/aniceto-2-e1647976649847-768x463.png 768w, https:\/\/guzmanstorey.cl\/wp-content\/uploads\/2022\/03\/aniceto-2-e1647976649847-300x181.png 300w, https:\/\/guzmanstorey.cl\/wp-content\/uploads\/2022\/03\/aniceto-2-e1647976649847-1024x617.png 1024w, https:\/\/guzmanstorey.cl\/wp-content\/uploads\/2022\/03\/aniceto-2-e1647976649847-1536x926.png 1536w, https:\/\/guzmanstorey.cl\/wp-content\/uploads\/2022\/03\/aniceto-2-e1647976649847-2048x1235.png 2048w\" sizes=\"(max-width: 768px) 100vw, 768px\" \/>\t\t<\/div>\n\t\t\t\t<div class=\"elementor-portfolio-item__overlay\">\n\t\t\t\t<h3 class=\"elementor-portfolio-item__title\">\n\t\tLas Cuatro Vidas de Aniceto &#8211; Edici\u00f3n Period\u00edstica, Guionista [2014]\t\t<\/h3>\n\t\t\t\t<\/div>\n\t\t\t\t<\/a>\n\t\t<\/article>\n\t\t\t\t<article class=\"elementor-portfolio-item elementor-post  post-171 page type-page status-publish has-post-thumbnail hentry\">\n\t\t\t<a class=\"elementor-post__thumbnail__link\" href=\"https:\/\/guzmanstorey.cl\/?page_id=171\">\n\t\t\t\t<div class=\"elementor-portfolio-item__img elementor-post__thumbnail\">\n\t\t\t<img loading=\"lazy\" decoding=\"async\" width=\"768\" height=\"472\" src=\"https:\/\/guzmanstorey.cl\/wp-content\/uploads\/2022\/03\/hdcgh-2-e1647976416325-768x472.png\" class=\"attachment-medium_large size-medium_large wp-image-64\" alt=\"\" srcset=\"https:\/\/guzmanstorey.cl\/wp-content\/uploads\/2022\/03\/hdcgh-2-e1647976416325-768x472.png 768w, https:\/\/guzmanstorey.cl\/wp-content\/uploads\/2022\/03\/hdcgh-2-e1647976416325-300x184.png 300w, https:\/\/guzmanstorey.cl\/wp-content\/uploads\/2022\/03\/hdcgh-2-e1647976416325-1024x629.png 1024w, https:\/\/guzmanstorey.cl\/wp-content\/uploads\/2022\/03\/hdcgh-2-e1647976416325-1536x944.png 1536w, https:\/\/guzmanstorey.cl\/wp-content\/uploads\/2022\/03\/hdcgh-2-e1647976416325-2048x1259.png 2048w\" sizes=\"(max-width: 768px) 100vw, 768px\" \/>\t\t<\/div>\n\t\t\t\t<div class=\"elementor-portfolio-item__overlay\">\n\t\t\t\t<h3 class=\"elementor-portfolio-item__title\">\n\t\tHistoria del Dise\u00f1o Gr\u00e1fico en Chile &#8211; Guionista, Producci\u00f3n Period\u00edstica [2013]\t\t<\/h3>\n\t\t\t\t<\/div>\n\t\t\t\t<\/a>\n\t\t<\/article>\n\t\t\t\t<article class=\"elementor-portfolio-item elementor-post  post-189 page type-page status-publish has-post-thumbnail hentry\">\n\t\t\t<a class=\"elementor-post__thumbnail__link\" href=\"https:\/\/guzmanstorey.cl\/?page_id=189\">\n\t\t\t\t<div class=\"elementor-portfolio-item__img elementor-post__thumbnail\">\n\t\t\t<img loading=\"lazy\" decoding=\"async\" width=\"600\" height=\"334\" src=\"https:\/\/guzmanstorey.cl\/wp-content\/uploads\/2022\/08\/frente-al-muro-copy-1.jpg\" class=\"attachment-medium_large size-medium_large wp-image-747\" alt=\"\" srcset=\"https:\/\/guzmanstorey.cl\/wp-content\/uploads\/2022\/08\/frente-al-muro-copy-1.jpg 600w, https:\/\/guzmanstorey.cl\/wp-content\/uploads\/2022\/08\/frente-al-muro-copy-1-300x167.jpg 300w\" sizes=\"(max-width: 600px) 100vw, 600px\" \/>\t\t<\/div>\n\t\t\t\t<div class=\"elementor-portfolio-item__overlay\">\n\t\t\t\t<h3 class=\"elementor-portfolio-item__title\">\n\t\tFrente Al Muro &#8211; Producci\u00f3n Period\u00edstica [2013]\t\t<\/h3>\n\t\t\t\t<\/div>\n\t\t\t\t<\/a>\n\t\t<\/article>\n\t\t\t\t<article class=\"elementor-portfolio-item elementor-post  post-152 page type-page status-publish has-post-thumbnail hentry\">\n\t\t\t<a class=\"elementor-post__thumbnail__link\" href=\"https:\/\/guzmanstorey.cl\/?page_id=152\">\n\t\t\t\t<div class=\"elementor-portfolio-item__img elementor-post__thumbnail\">\n\t\t\t<img loading=\"lazy\" decoding=\"async\" width=\"768\" height=\"472\" src=\"https:\/\/guzmanstorey.cl\/wp-content\/uploads\/2022\/03\/etnografica-scaled-e1647975606360-768x472.jpg\" class=\"attachment-medium_large size-medium_large wp-image-59\" alt=\"\" srcset=\"https:\/\/guzmanstorey.cl\/wp-content\/uploads\/2022\/03\/etnografica-scaled-e1647975606360-768x472.jpg 768w, https:\/\/guzmanstorey.cl\/wp-content\/uploads\/2022\/03\/etnografica-scaled-e1647975606360-300x185.jpg 300w, https:\/\/guzmanstorey.cl\/wp-content\/uploads\/2022\/03\/etnografica-scaled-e1647975606360-1024x630.jpg 1024w, https:\/\/guzmanstorey.cl\/wp-content\/uploads\/2022\/03\/etnografica-scaled-e1647975606360-1536x945.jpg 1536w, https:\/\/guzmanstorey.cl\/wp-content\/uploads\/2022\/03\/etnografica-scaled-e1647975606360-2048x1260.jpg 2048w\" sizes=\"(max-width: 768px) 100vw, 768px\" \/>\t\t<\/div>\n\t\t\t\t<div class=\"elementor-portfolio-item__overlay\">\n\t\t\t\t<h3 class=\"elementor-portfolio-item__title\">\n\t\tEtnogr\u00e1fica &#8211; Guionista, Producci\u00f3n Period\u00edstica [2012]\t\t<\/h3>\n\t\t\t\t<\/div>\n\t\t\t\t<\/a>\n\t\t<\/article>\n\t\t\t\t<\/div>\n\t\t\t\t\t\t<\/div>\n\t\t\t\t<\/div>\n\t\t\t\t<div class=\"elementor-element elementor-element-8f11831 elementor-widget elementor-widget-heading\" data-id=\"8f11831\" data-element_type=\"widget\" data-widget_type=\"heading.default\">\n\t\t\t\t<div class=\"elementor-widget-container\">\n\t\t\t\t\t<h2 class=\"elementor-heading-title elementor-size-default\"><br>David Guzm\u00e1n Storey | Cine Documental y Medios | Chile, 2025 \u00a9<\/h2>\t\t\t\t<\/div>\n\t\t\t\t<\/div>\n\t\t\t\t\t<\/div>\n\t\t<\/div>\n\t\t\t\t\t<\/div>\n\t\t<\/section>\n\t\t\t\t<\/div>\n\t\t","protected":false},"excerpt":{"rendered":"<p>David Guzm\u00e1n Storey | Cine Documental y Medios | Chile, 2025 \u00a9<\/p>\n","protected":false},"author":1,"featured_media":0,"parent":0,"menu_order":3,"comment_status":"closed","ping_status":"closed","template":"","meta":{"site-sidebar-layout":"no-sidebar","site-content-layout":"page-builder","ast-site-content-layout":"","site-content-style":"default","site-sidebar-style":"default","ast-global-header-display":"","ast-banner-title-visibility":"","ast-main-header-display":"","ast-hfb-above-header-display":"","ast-hfb-below-header-display":"","ast-hfb-mobile-header-display":"","site-post-title":"disabled","ast-breadcrumbs-content":"","ast-featured-img":"disabled","footer-sml-layout":"","theme-transparent-header-meta":"","adv-header-id-meta":"","stick-header-meta":"","header-above-stick-meta":"","header-main-stick-meta":"","header-below-stick-meta":"","astra-migrate-meta-layouts":"default","ast-page-background-enabled":"default","ast-page-background-meta":{"desktop":{"background-color":"var(--ast-global-color-4)","background-image":"","background-repeat":"repeat","background-position":"center center","background-size":"auto","background-attachment":"scroll","background-type":"","background-media":"","overlay-type":"","overlay-color":"","overlay-opacity":"","overlay-gradient":""},"tablet":{"background-color":"","background-image":"","background-repeat":"repeat","background-position":"center center","background-size":"auto","background-attachment":"scroll","background-type":"","background-media":"","overlay-type":"","overlay-color":"","overlay-opacity":"","overlay-gradient":""},"mobile":{"background-color":"","background-image":"","background-repeat":"repeat","background-position":"center center","background-size":"auto","background-attachment":"scroll","background-type":"","background-media":"","overlay-type":"","overlay-color":"","overlay-opacity":"","overlay-gradient":""}},"ast-content-background-meta":{"desktop":{"background-color":"var(--ast-global-color-5)","background-image":"","background-repeat":"repeat","background-position":"center center","background-size":"auto","background-attachment":"scroll","background-type":"","background-media":"","overlay-type":"","overlay-color":"","overlay-opacity":"","overlay-gradient":""},"tablet":{"background-color":"var(--ast-global-color-5)","background-image":"","background-repeat":"repeat","background-position":"center center","background-size":"auto","background-attachment":"scroll","background-type":"","background-media":"","overlay-type":"","overlay-color":"","overlay-opacity":"","overlay-gradient":""},"mobile":{"background-color":"var(--ast-global-color-5)","background-image":"","background-repeat":"repeat","background-position":"center center","background-size":"auto","background-attachment":"scroll","background-type":"","background-media":"","overlay-type":"","overlay-color":"","overlay-opacity":"","overlay-gradient":""}},"footnotes":""},"class_list":["post-7","page","type-page","status-publish","hentry"],"_links":{"self":[{"href":"https:\/\/guzmanstorey.cl\/index.php?rest_route=\/wp\/v2\/pages\/7","targetHints":{"allow":["GET"]}}],"collection":[{"href":"https:\/\/guzmanstorey.cl\/index.php?rest_route=\/wp\/v2\/pages"}],"about":[{"href":"https:\/\/guzmanstorey.cl\/index.php?rest_route=\/wp\/v2\/types\/page"}],"author":[{"embeddable":true,"href":"https:\/\/guzmanstorey.cl\/index.php?rest_route=\/wp\/v2\/users\/1"}],"replies":[{"embeddable":true,"href":"https:\/\/guzmanstorey.cl\/index.php?rest_route=%2Fwp%2Fv2%2Fcomments&post=7"}],"version-history":[{"count":207,"href":"https:\/\/guzmanstorey.cl\/index.php?rest_route=\/wp\/v2\/pages\/7\/revisions"}],"predecessor-version":[{"id":1890,"href":"https:\/\/guzmanstorey.cl\/index.php?rest_route=\/wp\/v2\/pages\/7\/revisions\/1890"}],"wp:attachment":[{"href":"https:\/\/guzmanstorey.cl\/index.php?rest_route=%2Fwp%2Fv2%2Fmedia&parent=7"}],"curies":[{"name":"wp","href":"https:\/\/api.w.org\/{rel}","templated":true}]}}